{"id":464,"date":"2024-06-14T00:22:31","date_gmt":"2024-06-14T03:22:31","guid":{"rendered":"https:\/\/sinprosm.com.br\/35anos\/?page_id=464"},"modified":"2024-06-16T17:38:39","modified_gmt":"2024-06-16T20:38:39","slug":"a-fundacao-do-sinprosm","status":"publish","type":"page","link":"https:\/\/sinprosm.com.br\/35anos\/a-fundacao-do-sinprosm\/","title":{"rendered":"A Funda\u00e7\u00e3o do Sinprosm"},"content":{"rendered":"<div class=\"wpb-content-wrapper\"><p>[vc_row css_animation=&#8221;&#8221; row_type=&#8221;row&#8221; use_row_as_full_screen_section=&#8221;no&#8221; type=&#8221;grid&#8221; angled_section=&#8221;no&#8221; text_align=&#8221;left&#8221; background_image_as_pattern=&#8221;without_pattern&#8221; anchor=&#8221;about&#8221; css=&#8221;.vc_custom_1467272775778{padding-top: 7% !important;padding-bottom: 6.5% !important;}&#8221;][vc_column css=&#8221;.vc_custom_1718327806691{padding-right: 5% !important;padding-left: 5% !important;}&#8221;][vc_column_text css=&#8221;.vc_custom_1718563915599{padding-top: 20px !important;padding-bottom: 20px !important;}&#8221;]<\/p>\n<p style=\"text-align: center;\"><iframe loading=\"lazy\" title=\"YouTube video player\" src=\"https:\/\/www.youtube.com\/embed\/V5MIvkIlc14?si=70ZMO4bY21lDZYAy\" width=\"560\" height=\"315\" frameborder=\"0\" allowfullscreen=\"allowfullscreen\"><\/iframe><\/p>\n<p>[\/vc_column_text][vc_column_text css=&#8221;.vc_custom_1718335411437{padding-top: 20px !important;padding-bottom: 20px !important;}&#8221;]<\/p>\n<h2 style=\"text-align: center;\">A funda\u00e7\u00e3o do Sindicato dos Professores Municipais de Santa Maria &#8211; SINPROSM<\/h2>\n<p>[\/vc_column_text][vc_column_text css=&#8221;&#8221;]<img loading=\"lazy\" decoding=\"async\" class=\"alignleft wp-image-470\" src=\"http:\/\/sinprosm.com.br\/35anos\/wp-content\/uploads\/2024\/06\/carta-Sindical-Rosmari-Pedrolo-Coord-eleita-300x201.png\" alt=\"\" width=\"350\" height=\"234\" srcset=\"https:\/\/sinprosm.com.br\/35anos\/wp-content\/uploads\/2024\/06\/carta-Sindical-Rosmari-Pedrolo-Coord-eleita-300x201.png 300w, https:\/\/sinprosm.com.br\/35anos\/wp-content\/uploads\/2024\/06\/carta-Sindical-Rosmari-Pedrolo-Coord-eleita-768x514.png 768w, https:\/\/sinprosm.com.br\/35anos\/wp-content\/uploads\/2024\/06\/carta-Sindical-Rosmari-Pedrolo-Coord-eleita-700x468.png 700w, https:\/\/sinprosm.com.br\/35anos\/wp-content\/uploads\/2024\/06\/carta-Sindical-Rosmari-Pedrolo-Coord-eleita.png 1000w\" sizes=\"auto, (max-width: 350px) 100vw, 350px\" \/>A funda\u00e7\u00e3o do Sindicato dos Professores Municipais de Santa Maria &#8211; SINPROSM &#8211; ocorreu em setembro de 1989. Antecedeu este momento hist\u00f3rico novos movimentos de organiza\u00e7\u00e3o dos professores municipais em torno de lutas espec\u00edficas da categoria. Neste processo, atendendo ao resultado do plebiscito realizado em cada unidade escolar da rede municipal, ocorreu a desvincula\u00e7\u00e3o dos professores do Sindicato dos Municip\u00e1rios e criando-se, assim, o sindicato pr\u00f3prio.[\/vc_column_text][vc_empty_space height=&#8221;18px&#8221;][vc_row_inner row_type=&#8221;row&#8221; type=&#8221;full_width&#8221; text_align=&#8221;left&#8221; css_animation=&#8221;&#8221;][vc_column_inner width=&#8221;2\/3&#8243;][vc_empty_space height=&#8221;18px&#8221;]<div class=\"qode-advanced-image-gallery  qode-aig-masonry-type qode-large-space  qode-image-behavior-lightbox \">\n\t<div class=\"qode-aig-inner qode-outer-space qode-aig-masonry qode-aig-two-columns\">\n\t\t<div class=\"qode-aig-grid-sizer\"><\/div>\n\t\t<div class=\"qode-aig-grid-gutter\"><\/div>\n\t\t\t\t\t\t\t\t<div class=\"qode-aig-image qode-item-space qode-aig-default-masonry-item\">\n\t\t\t\t<div class=\"qode-aig-image-inner\">\n\t\t\t\t\t\t\t\t\t\t\t<a itemprop=\"image\" class=\"qode-aig-lightbox\" href=\"https:\/\/sinprosm.com.br\/35anos\/wp-content\/uploads\/2024\/06\/Foto-02-Ata-de-Fund.png\" data-rel=\"prettyPhoto[image_gallery_pretty_photo-507]\" title=\"Foto 02 &#8211; Ata de Fund\">\n\t\t\t\t\t\t\t\t\t\t\t\t\t<img loading=\"lazy\" decoding=\"async\" width=\"272\" height=\"300\" src=\"https:\/\/sinprosm.com.br\/35anos\/wp-content\/uploads\/2024\/06\/Foto-02-Ata-de-Fund-272x300.png\" class=\"attachment-medium size-medium\" alt=\"\" srcset=\"https:\/\/sinprosm.com.br\/35anos\/wp-content\/uploads\/2024\/06\/Foto-02-Ata-de-Fund-272x300.png 272w, https:\/\/sinprosm.com.br\/35anos\/wp-content\/uploads\/2024\/06\/Foto-02-Ata-de-Fund-928x1024.png 928w, https:\/\/sinprosm.com.br\/35anos\/wp-content\/uploads\/2024\/06\/Foto-02-Ata-de-Fund-768x847.png 768w, https:\/\/sinprosm.com.br\/35anos\/wp-content\/uploads\/2024\/06\/Foto-02-Ata-de-Fund-700x772.png 700w, https:\/\/sinprosm.com.br\/35anos\/wp-content\/uploads\/2024\/06\/Foto-02-Ata-de-Fund.png 1000w\" sizes=\"auto, (max-width: 272px) 100vw, 272px\" \/>\t\t\t\t\t\t<span class=\"aig-gallery-hover\">\n\t\t\t\t\t\t\t\t\t\t\t\t\t<\/span>\n\t\t\t\t\t\t\t\t\t\t\t<\/a>\n\t\t\t\t\t\t\t\t\t<\/div>\n\t\t\t<\/div>\n\t\t\t\t\t\t\t\t\t\t\t<div class=\"qode-aig-image qode-item-space qode-aig-default-masonry-item\">\n\t\t\t\t<div class=\"qode-aig-image-inner\">\n\t\t\t\t\t\t\t\t\t\t\t<a itemprop=\"image\" class=\"qode-aig-lightbox\" href=\"https:\/\/sinprosm.com.br\/35anos\/wp-content\/uploads\/2024\/06\/Foto-03-Carta-Sind.png\" data-rel=\"prettyPhoto[image_gallery_pretty_photo-507]\" title=\"Foto 03 &#8211; Carta Sind\">\n\t\t\t\t\t\t\t\t\t\t\t\t\t<img loading=\"lazy\" decoding=\"async\" width=\"223\" height=\"300\" src=\"https:\/\/sinprosm.com.br\/35anos\/wp-content\/uploads\/2024\/06\/Foto-03-Carta-Sind-223x300.png\" class=\"attachment-medium size-medium\" alt=\"\" srcset=\"https:\/\/sinprosm.com.br\/35anos\/wp-content\/uploads\/2024\/06\/Foto-03-Carta-Sind-223x300.png 223w, https:\/\/sinprosm.com.br\/35anos\/wp-content\/uploads\/2024\/06\/Foto-03-Carta-Sind-762x1024.png 762w, https:\/\/sinprosm.com.br\/35anos\/wp-content\/uploads\/2024\/06\/Foto-03-Carta-Sind-768x1031.png 768w, https:\/\/sinprosm.com.br\/35anos\/wp-content\/uploads\/2024\/06\/Foto-03-Carta-Sind-700x940.png 700w, https:\/\/sinprosm.com.br\/35anos\/wp-content\/uploads\/2024\/06\/Foto-03-Carta-Sind.png 1000w\" sizes=\"auto, (max-width: 223px) 100vw, 223px\" \/>\t\t\t\t\t\t<span class=\"aig-gallery-hover\">\n\t\t\t\t\t\t\t\t\t\t\t\t\t<\/span>\n\t\t\t\t\t\t\t\t\t\t\t<\/a>\n\t\t\t\t\t\t\t\t\t<\/div>\n\t\t\t<\/div>\n\t\t\t\t\t\t\t\t\t\t\t<div class=\"qode-aig-image qode-item-space qode-aig-default-masonry-item\">\n\t\t\t\t<div class=\"qode-aig-image-inner\">\n\t\t\t\t\t\t\t\t\t\t\t<a itemprop=\"image\" class=\"qode-aig-lightbox\" href=\"https:\/\/sinprosm.com.br\/35anos\/wp-content\/uploads\/2024\/06\/Foto-04-Plesbic.png\" data-rel=\"prettyPhoto[image_gallery_pretty_photo-507]\" title=\"Foto 04 &#8211; Plesbic\">\n\t\t\t\t\t\t\t\t\t\t\t\t\t<img loading=\"lazy\" decoding=\"async\" width=\"300\" height=\"227\" src=\"https:\/\/sinprosm.com.br\/35anos\/wp-content\/uploads\/2024\/06\/Foto-04-Plesbic-300x227.png\" class=\"attachment-medium size-medium\" alt=\"\" srcset=\"https:\/\/sinprosm.com.br\/35anos\/wp-content\/uploads\/2024\/06\/Foto-04-Plesbic-300x227.png 300w, https:\/\/sinprosm.com.br\/35anos\/wp-content\/uploads\/2024\/06\/Foto-04-Plesbic-768x580.png 768w, https:\/\/sinprosm.com.br\/35anos\/wp-content\/uploads\/2024\/06\/Foto-04-Plesbic-500x380.png 500w, https:\/\/sinprosm.com.br\/35anos\/wp-content\/uploads\/2024\/06\/Foto-04-Plesbic-700x529.png 700w, https:\/\/sinprosm.com.br\/35anos\/wp-content\/uploads\/2024\/06\/Foto-04-Plesbic.png 1000w\" sizes=\"auto, (max-width: 300px) 100vw, 300px\" \/>\t\t\t\t\t\t<span class=\"aig-gallery-hover\">\n\t\t\t\t\t\t\t\t\t\t\t\t\t<\/span>\n\t\t\t\t\t\t\t\t\t\t\t<\/a>\n\t\t\t\t\t\t\t\t\t<\/div>\n\t\t\t<\/div>\n\t\t\t\t\t\t\t\t\t\t\t<div class=\"qode-aig-image qode-item-space qode-aig-default-masonry-item\">\n\t\t\t\t<div class=\"qode-aig-image-inner\">\n\t\t\t\t\t\t\t\t\t\t\t<a itemprop=\"image\" class=\"qode-aig-lightbox\" href=\"https:\/\/sinprosm.com.br\/35anos\/wp-content\/uploads\/2024\/06\/Foto-05-Sindicato-Criado.png\" data-rel=\"prettyPhoto[image_gallery_pretty_photo-507]\" title=\"Foto 05 &#8211; Sindicato Criado\">\n\t\t\t\t\t\t\t\t\t\t\t\t\t<img loading=\"lazy\" decoding=\"async\" width=\"300\" height=\"175\" src=\"https:\/\/sinprosm.com.br\/35anos\/wp-content\/uploads\/2024\/06\/Foto-05-Sindicato-Criado-300x175.png\" class=\"attachment-medium size-medium\" alt=\"\" srcset=\"https:\/\/sinprosm.com.br\/35anos\/wp-content\/uploads\/2024\/06\/Foto-05-Sindicato-Criado-300x175.png 300w, https:\/\/sinprosm.com.br\/35anos\/wp-content\/uploads\/2024\/06\/Foto-05-Sindicato-Criado-768x447.png 768w, https:\/\/sinprosm.com.br\/35anos\/wp-content\/uploads\/2024\/06\/Foto-05-Sindicato-Criado-700x407.png 700w, https:\/\/sinprosm.com.br\/35anos\/wp-content\/uploads\/2024\/06\/Foto-05-Sindicato-Criado.png 1000w\" sizes=\"auto, (max-width: 300px) 100vw, 300px\" \/>\t\t\t\t\t\t<span class=\"aig-gallery-hover\">\n\t\t\t\t\t\t\t\t\t\t\t\t\t<\/span>\n\t\t\t\t\t\t\t\t\t\t\t<\/a>\n\t\t\t\t\t\t\t\t\t<\/div>\n\t\t\t<\/div>\n\t\t\t\t\t\t<\/div>\n<\/div>[\/vc_column_inner][vc_column_inner width=&#8221;1\/3&#8243;][\/vc_column_inner][\/vc_row_inner][vc_empty_space height=&#8221;18px&#8221;][vc_column_text css=&#8221;&#8221;]<\/p>\n<h6><a href=\"https:\/\/sinprosm.com.br\/35anos\/\">Voltar<\/a><\/h6>\n<p>[\/vc_column_text][\/vc_column][\/vc_row]<\/p>\n<\/div>","protected":false},"excerpt":{"rendered":"<p>[vc_row css_animation=&#8221;&#8221; row_type=&#8221;row&#8221; use_row_as_full_screen_section=&#8221;no&#8221; type=&#8221;grid&#8221; angled_section=&#8221;no&#8221; text_align=&#8221;left&#8221; background_image_as_pattern=&#8221;without_pattern&#8221; anchor=&#8221;about&#8221; css=&#8221;.vc_custom_1467272775778{padding-top: 7% !important;padding-bottom: 6.5% !important;}&#8221;][vc_column css=&#8221;.vc_custom_1718327806691{padding-right: 5% !important;padding-left: 5% !important;}&#8221;][vc_column_text css=&#8221;.vc_custom_1718563915599{padding-top: 20px !important;padding-bottom: 20px !important;}&#8221;] [\/vc_column_text][vc_column_text css=&#8221;.vc_custom_1718335411437{padding-top: 20px !important;padding-bottom: 20px !important;}&#8221;] A funda\u00e7\u00e3o do Sindicato dos Professores Municipais de Santa Maria &#8211; SINPROSM [\/vc_column_text][vc_column_text css=&#8221;&#8221;]A funda\u00e7\u00e3o&#8230;<\/p>\n","protected":false},"author":1,"featured_media":0,"parent":0,"menu_order":0,"comment_status":"closed","ping_status":"closed","template":"full_width.php","meta":{"footnotes":""},"class_list":["post-464","page","type-page","status-publish","hentry"],"_links":{"self":[{"href":"https:\/\/sinprosm.com.br\/35anos\/wp-json\/wp\/v2\/pages\/464","targetHints":{"allow":["GET"]}}],"collection":[{"href":"https:\/\/sinprosm.com.br\/35anos\/wp-json\/wp\/v2\/pages"}],"about":[{"href":"https:\/\/sinprosm.com.br\/35anos\/wp-json\/wp\/v2\/types\/page"}],"author":[{"embeddable":true,"href":"https:\/\/sinprosm.com.br\/35anos\/wp-json\/wp\/v2\/users\/1"}],"replies":[{"embeddable":true,"href":"https:\/\/sinprosm.com.br\/35anos\/wp-json\/wp\/v2\/comments?post=464"}],"version-history":[{"count":21,"href":"https:\/\/sinprosm.com.br\/35anos\/wp-json\/wp\/v2\/pages\/464\/revisions"}],"predecessor-version":[{"id":576,"href":"https:\/\/sinprosm.com.br\/35anos\/wp-json\/wp\/v2\/pages\/464\/revisions\/576"}],"wp:attachment":[{"href":"https:\/\/sinprosm.com.br\/35anos\/wp-json\/wp\/v2\/media?parent=464"}],"curies":[{"name":"wp","href":"https:\/\/api.w.org\/{rel}","templated":true}]}}